**2 - 12*a + 12. Calculate r(-10).
32
Let l(m) = -m - 10. What is l(-7)?
-3
Let t(b) = b**3 - 6*b**2 + 2*b - 3. Calculate t(6).
9
Let r(a) = 15*a**3 - 2*a**2 - 27*a - 25. Determine r(-1).
-15
Let j(t) = t**3 + 9*t**2 + 10*t - 6. What is j(-5)?
44
Let v(p) = 3*p - 24. Determine v(7).
-3
Let g(b) = 11*b + 97. Calculate g(-9).
-2
Let k(d) = 282*d + 1136. Determine k(-4).
8
Let k(a) = 7*a**2 + 5*a + 5. Calculate k(0).
5
Let g(t) = 2*t + 3. Determine g(0).
3
Let i(k) = k**2 - 11*k + 10. What is i(5)?
-20
Let n(l) = l**2 - 26*l + 99. Determine n(21).
-6
Let h(p) = -p**3 + 9*p**2 + 9*p + 9. What is h(10)?
-1
Let w(g) = 15*g - 36. Determine w(7).
69
Let q(i) = 5*i**3 - 5*i**2 + 2*i - 1. Calculate q(3).
95
Let v(z) = -4*z - 44. What is v(-7)?
-16
Let d(b) = -6*b**2 + 148*b - 107. Calculate d(24).
-11
Let l(u) = u**3 + 6*u**2 - u + 5. Determine l(-6).
11
Let g(c) = -2*c**2 - 59*c + 60. What is g(-31)?
-33
Let j(w) = 2*w**2 + 39*w + 25. What is j(-18)?
-29
Let a(t) = 4*t + 1. What is a(-3)?
-11
Let v(f) = -f**3 - f. Determine v(3).
-30
Let x(l) = 3*l**2 + 2*l - 5. Give x(-3).
16
Let w(l) = -l**3 - 10*l**2 + 5. Determine w(-10).
5
Let h(d) = d**3 - 8*d**2 - 19*d - 7. Determine h(10).
3
Let b(r) = -r**2 + 16. Determine b(5).
-9
Let o(n) = -2*n**3 + 19*n**2 - 6*n - 24. Calculate o(9).
3
Let k(x) = 6*x - 255. Determine k(42).
-3
Let h(r) = 6*r + 11. Give h(3).
29
Let q(f) = f - 1. Give q(5).
4
Let i(a) = -a**2 + 2*a + 2. What is i(3)?
-1
Let g(r) = -r**3 + 2*r**2 - 4. Give g(3).
-13
Let c(q) = -15*q + 200. What is c(13)?
5
Let d(v) = -2*v**3 - 3*v**2 - 34*v - 66. Give d(-2).
6
Let h(r) = r**2 + 8*r - 10. Calculate h(-8).
-10
Let p(g) = -g**2 - 9*g - 4. Calculate p(-10).
-14
Let g(k) = 5*k**2 + 4*k. Determine g(-2).
12
Let l(n) = -2*n**2 - 4*n + 9. Give l(-7).
-61
Let n(l) = 29*l**3 + l**2 - l + 1. Determine n(1).
30
Let r(u) = u**3 + 5*u**2 + 18. What is r(-6)?
-18
Let l(z) = -76*z + 387. Calculate l(5).
7
Let d(a) = a + 1. Calculate d(-7).
-6
Let s(p) = -p**2 - p - 1. Give s(0).
-1
Let t(p) = p**3 - 5*p**2 + p - 11. What is t(5)?
-6
Let z(n) = 19*n + 4. Calculate z(4).
80
Let u(l) = -11*l - 1. Calculate u(1).
-12
Let n(t) = 8*t - 2. Calculate n(1).
6
Let n(i) = i**2 + 6*i + 4. Give n(-9).
31
Let a(f) = f**3 + 6*f**2 + 2*f + 9. Calculate a(-6).
-3
Let i(a) = a**3 - 2*a**2 - 7*a + 9. What is i(3)?
-3
Let k(j) = -3*j**2 - 40*j - 96. Give k(-3).
-3
Let i(t) = t**3 - 6*t**2 + 4*t - 6. Determine i(5).
-11
Let f(k) = 2*k - 4. Give f(-11).
-26
Let i(o) = o**3 - 51*o**2 + 99*o - 51. What is i(49)?
-2
Let w(a) = -2*a**2 - a - 1. Determine w(-2).
-7
Let q(n) = -n**2 + 4*n + 9. Calculate q(3).
12
Let u(c) = 2*c**3 - 10*c**2 + c + 2. What is u(5)?
7
Let n(g) = -2*g + 27. Determine n(10).
7
Let r(f) = 2*f**2 - 23*f + 10. What is r(9)?
-35
Let g(o) = -2*o + 8. Give g(21).
-34
Let i(a) = -a**3 - 16*a**2 - 47*a + 10. Give i(-12).
-2
Let j(g) = 3*g + 27. Determine j(-12).
-9
Let m(r) = -r**2 + 8*r - 7. Determine m(7).
0
Let w(x) = -x**3 - 17*x**2 + 37*x - 17. Calculate w(-19).
2
Let y(f) = f**3 + f**2 + 3*f + 2. What is y(-3)?
-25
Let w(j) = -9*j + 2. What is w(5)?
-43
Let m(l) = l - 34. What is m(18)?
-16
Let k(w) = w**2 + 16*w + 20. Give k(-8).
-44
Let l(f) = -30*f - 2. Give l(-4).
118
Let l(g) = -7*g - 26. What is l(0)?
-26
Let x(u) = -u**3 - 14*u**2 + 15*u - 16. Determine x(-15).
-16
Let o(d) = -81*d + 8. Determine o(2).
-154
Let t(b) = -3*b**2 + 4*b + 3. Determine t(-1).
-4
Let g(i) = i**3 - 23*i**2 - 22*i - 45. Calculate g(24).
3
Let y(i) = -32*i - 7. What is y(0)?
-7
Let u(r) = -r**2 + 2*r - 2. Determine u(3).
-5
Let j(l) = -3*l + 2. What is j(0)?
2
Let z(h) = 3*h - 7. Determine z(2).
-1
Let w(p) = 15*p - 115. Determine w(8).
5
Let z(n) = n**3 - 14*n**2 - 15*n + 8. What is z(15)?
8
Let w(f) = f - 4. What is w(-4)?
-8
Let b(k) = -11*k**3 - k**2 - 2*k + 2. Calculate b(2).
-94
Let n(a) = a**3 + 10*a**2 - 4*a - 120. Determine n(-9).
-3
Let n(f) = -f**2 + 11*f - 6. Give n(5).
24
Let u(z) = -z**3 + 7*z**2 + z + 9. Determine u(7).
16
Let p(z) = 4*z**2 + 2*z + 1. Determine p(-2).
13
Let t(l) = l**2 + 7*l - 10. Calculate t(-7).
-10
Let g(n) = n**3 - 4*n**2 - 8*n + 4. Give g(5).
-11
Let y(w) = 3*w**3 + 4*w**2 - 7*w - 9. Calculate y(-1).
-1
Let q(o) = o**3 - 3*o**2 + 10*o - 22. Calculate q(4).
34
Let i(b) = 20*b + 179. Give i(-9).
-1
Let m(w) = -w**3 + 2*w**2 + 2*w + 2. Give m(3).
-1
Let b(z) = 21*z + 6. Give b(-1).
-15
Let u(f) = -7*f**3 + f**2 + 9*f + 8. Give u(-3).
179
Let q(i) = 20*i + 17. Calculate q(-7).
-123
Let u(t) = -t**3 + 8*t**2 - 4*t - 14. What is u(7)?
7
Let z(w) = -w**3 + 36*w**2 + 3*w - 114. Determine z(36).
-6
Let k(c) = -10*c**2 - 62*c - 14. Determine k(-6).
-2
Let c(y) = -8*y + 82. Give c(11).
-6
Let m(x) = 5*x - 4. Give m(6).
26
Let w(x) = -x**2 - 12*x - 17. What is w(-11)?
-6
Let i(y) = y**2 + 21*y + 45. Give i(-17).
-23
Let x(i) = -i**3 - 15*i**2 + 2*i + 13. What is x(-15)?
-17
Let m(y) = -y**3 + 6*y**2 - 2*y - 10. Determine m(5).
5
Let h(l) = -l**2 - 3*l + 1. Calculate h(2).
-9
Let r(d) = 12*d + 2. What is r(-2)?
-22
Let f(w) = -w + 15. Give f(19).
-4
Let x(c) = c**2 + 6*c - 7. Give x(-8).
9
Let s(x) = -2*x - 2. What is s(-2)?
2
Let b(c) = -26*c**3 - 2*c. Determine b(1).
-28
Let j(c) = c**3 + 13*c**2 + 15*c + 18. Give j(-12).
-18
Let s(f) = -f**2 - 8*f + 26. Calculate s(-11).
-7
Let v(w) = w - 21. What is v(10)?
-11
Let a(k) = -3*k**3 - 5*k**2 + 5*k - 1. Determine a(2).
-35
Let a(n) = -n**3 + 15*n**2 + 16*n - 9. What is a(16)?
-9
Let o(i) = -6*i + 4. Calculate o(-4).
28
Let v(u) = -u**2 + 17*u + 113. Give v(-5).
3
Let i(h) = -h**3 - 5*h**2 - 9*h. What is i(-3)?
9
Let p(x) = x**3 + 8*x**2 + 4*x + 10. Give p(-8).
-22
Let q(v) = -2*v**3 - 17*v**2 - 10*v - 15. Calculate q(-8).
1
Let k(d) = -d - 12. Calculate k(-12).
0
Let m(x) = x**2 + x - 10. Calculate m(3).
2
Let a(z) = z + 4. Give a(-12).
-8
Let g(r) = -r**2 - 4*r - 4. Determine g(-5).
-9
Let v(y) = -y**2 - 6*y + 45. Calculate v(-12).
-27
Let d(b) = -7*b**2 + 3*b + 4. Determine d(4).
-96
Let w(s) = 9*s + 5. What is w(-1)?
-4
Let h(a) = 2*a**2 - 26*a - 26. Determine h(14).
2
Let l(y) = y**2 + 40*y - 43. Give l(-41).
-2
Let u(d) = -d + 8. What is u(5)?
3
Let x(i) = i**3 + 6*i**2 - 3*i - 14. Determine x(-6).
4
Let f(b) = b**2 - b + 30. Give f(0).
30
Let l(g) = g**3 - 12*g**2 + 36*g - 6. Calculate l(5).
-1
Let s(d) = d**3 - 12*d**2 + 26*d + 14. What is s(10)?
74
Let l(f) = 6*f - 19. Determine l(6).
17
Let f(h) = -22*h + 11. Calculate f(-2).
55
Let d(h) = -h**3 + 21*h**2 - 19*h - 1. Determine d(20).
19
Let i(x) = -x + 1. Calculate i(5).
-4
Let z(w) = -7*w**3 + w. Calculate z(1).
-6
Let f(m) = 9*m - 63. Calculate f(8).
9
Let f(m) = 3*m**3 + 46*m**2 + 14*m - 9. What is f(-15)?
6
Let i(j) = 16*j - 4. Determine i(1).
12
Let s(p) = 5*p + 19. What is s(21)?
124
Let a(m) = -m**3 - 4*m**2 + 6*m. What is a(-5)?
-5
Let a(i) = i**3 + 11*i**2 - 12*i - 20. Calculate a(-12).
-20
Let j(r) = -2*r**2 - 5*r + 53. Calculate j(-7).
-10
Let z(s) = s**3 + 5*s**2 + 2*s - 5. Calculate z(-4).
3
Let d(x) = x**3 + x**2 + 5*x + 4. Give d(-5).
-121
Let k(n) = -n**3 + 17*n**2 - 17*n + 15. What is k(16)?
-1
Let m(c) = 2*c**3 - 11*c**2 + c - 3. Give m(6).
39
Let r(a) = a**2 - 27*a - 52. Determine r(29).
6
Let r(o) = -o**2 + 17*o - 3. Calculate r(12).
57
Let x(u) = -3*u + 19. Determine x(6).
1
Let v(p) = -44*p**2 + 1. Calculate v(1).
-43
Let d(h) = h**3 - 10*h**2 + 2*h - 1. Determine d(10).
19
Let v(f) = 4*f - 39. What is v(-4)?
-55
Let j(a) = 3*a + 2. Give j(3).
11
Let b(d) = -d**2 + 5*d + 6. Give b(-4).
-30
Let m(r) = 38*r**2 + r. What is m(-1)?
37
Let y(d) = 2*d - 61. Calculate y(20).
-21
Let j(i) = i**2 + 9*i + 12. Give j(-5).
-8
Let g(c) = c - 3. Calculate g(-7).
-10
Let r(h) = -8*h - 217. Give r(-27).
-1
Let l(t) = t**3 + 6*t**2 - 5*t - 1. Calculate l(-7).
-15
Let d(c) = -c**2 - 9*c - 17. Calculate d(-5).
3
Let c(t) = -25*t + 30. What is c(5)?
-95
Let n(g) = g**2 - 5*g - 2. Determine n(4).
-6
Let k(p) = -14*p - 27. Calculate k(-2).
1
Let r(c) = 51*c + 7. What is r(2)?
109
Let z(r) = -r**3 + 2*r + 28. Calculate z(0).
28
Let i(x) = 6*x - 3. Give i(0).
-3
Let m(j) = -6*j - 28. Give m(-5).
2
Let h(i) = -i**2 - 15*i - 21. What is h(-3)?
15
Let p(s) = 3*s**2 - 24*s - 1. Give p(8).
-1
Let a(o) = o**3 + 9*o**2 + 16*o - 5. What is a(-7)?
-19
